ousands digit of 92461?
9
What is the millions digit of 1053783?
1
What is the hundred thousands digit of 337887?
3
What is the hundreds digit of 807587?
5
What is the thousands digit of 6636568?
6
What is the hundred thousands digit of 472611?
4
What is the hundred thousands digit of 186646?
1
What is the units digit of 301254?
4
What is the hundred thousands digit of 349921?
3
What is the ten millions digit of 17091960?
1
What is the units digit of 76819?
9
What is the hundreds digit of 1227573?
5
What is the ten thousands digit of 971241?
7
What is the units digit of 487004?
4
What is the thousands digit of 1036013?
6
What is the thousands digit of 24006886?
6
What is the units digit of 2213350?
0
What is the ten thousands digit of 647898?
4
What is the hundreds digit of 806895?
8
What is the units digit of 756532?
2
What is the hundreds digit of 2788915?
9
What is the tens digit of 779411?
1
What is the hundred thousands digit of 2416925?
4
What is the thousands digit of 958755?
8
What is the thousands digit of 356001?
6
What is the hundred thousands digit of 10541712?
5
What is the units digit of 624480?
0
What is the hundreds digit of 815202?
2
What is the hundred thousands digit of 4381587?
3
What is the tens digit of 1003998?
9
What is the thousands digit of 2038750?
8
What is the hundreds digit of 26315021?
0
What is the units digit of 12226614?
4
What is the units digit of 355530?
0
What is the tens digit of 867619?
1
What is the hundred thousands digit of 353354?
3
What is the ten millions digit of 21865226?
2
What is the thousands digit of 73768?
3
What is the tens digit of 32828?
2
What is the ten thousands digit of 673456?
7
What is the thousands digit of 52997?
2
What is the ten millions digit of 31156996?
3
What is the thousands digit of 1808327?
8
What is the hundreds digit of 323257?
2
What is the tens digit of 186361?
6
What is the ten thousands digit of 914166?
1
What is the thousands digit of 161965?
1
What is the ten thousands digit of 1113080?
1
What is the units digit of 858761?
1
What is the hundreds digit of 1764177?
1
What is the hundreds digit of 2608962?
9
What is the units digit of 28594?
4
What is the tens digit of 472271?
7
What is the ten thousands digit of 2010166?
1
What is the thousands digit of 25894295?
4
What is the units digit of 2718405?
5
What is the hundreds digit of 591128?
1
What is the hundreds digit of 887124?
1
What is the hundred thousands digit of 5379867?
3
What is the tens digit of 24282088?
8
What is the hundred thousands digit of 455257?
4
What is the hundreds digit of 166771?
7
What is the ten thousands digit of 243822?
4
What is the ten thousands digit of 1709243?
0
What is the units digit of 1282668?
8
What is the thousands digit of 399201?
9
What is the units digit of 72765?
5
What is the hundreds digit of 2268213?
2
What is the tens digit of 5733569?
6
What is the hundred thousands digit of 10342588?
3
What is the tens digit of 1206480?
8
What is the units digit of 244823?
3
What is the thousands digit of 4175156?
5
What is the ten thousands digit of 390254?
9
What is the tens digit of 18736775?
7
What is the hundreds digit of 16286300?
3
What is the tens digit of 709094?
9
What is the thousands digit of 52549?
2
What is the hundreds digit of 206755?
7
What is the tens digit of 5769595?
9
What is the hundreds digit of 4108?
1
What is the tens digit of 215501?
0
What is the ten thousands digit of 832553?
3
What is the units digit of 398937?
7
What is the units digit of 878285?
5
What is the thousands digit of 507675?
7
What is the hundreds digit of 4054815?
8
What is the hundred thousands digit of 471656?
4
What is the tens digit of 183658?
5
What is the thousands digit of 16889083?
9
What is the hundreds digit of 425861?
8
What is the ten thousands digit of 189613?
8
What is the hundreds digit of 13515644?
6
What is the units digit of 129480?
0
What is the hundred thousands digit of 13248093?
2
What is the tens digit of 30852?
5
What is the ten thousands digit of 19791039?
9
What is the ten thousands digit of 238147?
3
What is the ten millions digit of 15212581?
1
What is the thousands digit of 173498?
3
What is the hundred thousands digit of 135156?
1
What is the ten millions digit of 36870560?
3
What is the thousands digit of 193015?
3
What is the hundreds digit of 1146662?
6
What is the ten thousands digit of 12099?
1
What is the ten thousands digit of 22846454?
4
What is the tens digit of 494409?
0
What is the millions digit of 5988809?
5
What is the ten thousands digit of 1154816?
5
What is the hundred thousands digit of 1761449?
7
What is the tens digit of 1307864?
6
What is the units digit of 43049903?
3
What is the ten thousands digit of 36224?
3
What is the tens digit of 4569310?
1
What is the millions digit of 1363291?
1
What is the millions digit of 6243352?
6
What is the thousands digit of 17367050?
7
What is the tens digit of 915558?
5
What is the millions digit of 10452280?
0
What is the hundred thousands digit of 9935294?
9
What is the ten thousands digit of 99810?
9
What is the hundreds digit of 3043?
0
What is the hundreds digit of 5772?
7
What is the hundred thousands digit of 658875?
6
What is the units digit of 1206240?
0
What is the tens digit of 470971?
7
What is the units digit of 165935?
5
What is the thousands digit of 110047?
0
What is the hundreds digit of 27280018?
0
What is the hundreds digit of 39542?
5
What is the millions digit of 8022934?
8
What is the hundred thousands digit of 3959564?
9
What is the ten thousands digit of 273385?
7
What is the tens digit of 377808?
0
What is the hundred thousands digit of 606894?
6
What is the tens digit of 646910?
1
What is the tens digit of 216507?
0
What is the hundred thousands digit of 2213893?
2
What is the ten thousands digit of 1823001?
2
What is the tens digit of 648073?
7
What is the thousands digit of 1072383?
2
What is the thousands digit of 288468?
8
What is the tens digit of 434235?
3
What is the hundreds digit of 89513?
5
What is the thousands digit of 41372?
1
What is the millions digit of 3295033?
3
What is the units digit of 1861542?
2
What is the ten thousands digit of 28342?
2
What is the thousands digit of 456108?
6
What is the hundred thousands digit of 10694536?
6
What is the units digit of 6465506?
6
What is the hundred thousands digit of 337809?
3
What is the units digit of 7181567?
7
What is the hundred thousands digit of 159830?
1
What is the ten thousands digit of 635179?
3
What is the units digit of 288746?
6
What is the hundreds digit of 1365172?
1
What is the tens digit of 16359730?
3
What is the hundreds digit of 1925135?
1
What is the units digit of 466173?
3
What is the units digit of 21525005?
5
What is the thousands digit of 530337?
0
What is the hundreds digit of 111694?
6
What is the ten thousands digit of 4195400?
9
What is the ten thousands digit of 416357?
1
What is the hundreds digit of 166048?
0
What is the tens digit of 6035654?
5
What is the hundred thousands digit of 991712?
9
What is the thousands digit of 27388394?
8
What is the hundred thousands digit of 4961583?
9
What is the tens digit of 3575486?
8
What is the units digit of 2408639?
9
What is the hundred thousands digit of 2843173?
8
What is the ten thousands digit of 465638?
6
What is the thousands digit of 1115902?
5
What is the units digit of 959623?
3
What is the hundreds digit of 462049?
0
What is the units digit of 1463729?
9
What is the hundreds digit of 40910159?
1
What is the units digit of 28583347?
7
What is the ten thousands digit of 11734189?
3
What is the millions digit of 1038610?
1
What is the ten thousands digit of 687576?
8
What is the hundreds digit of 1071287?
2
What is the millions digit of 8827542?
8
What is the millions digit of 5243532?
5
What is the units digit of 820137?
7
What is the hundreds digit of 1410448?
4
What is the units digit of 65902?
2
What is the hundreds digit of 1101553?
5
What is the tens digit of 963995?
9
What is the hundred thousands digit of 407271?
4
What is the tens digit of 1343914?
1
What is the thousands digit of 1493085?
3
What is the units digit of 19096519?
9
What is the millions digit of 18943606?
8
What is the hundred thousands digit of 1684345?
6
What is